{"id":6648,"date":"2026-03-08T18:33:39","date_gmt":"2026-03-08T18:33:39","guid":{"rendered":"https:\/\/loftsquare.tn\/?post_type=product&#038;p=6648"},"modified":"2026-03-08T18:33:39","modified_gmt":"2026-03-08T18:33:39","slug":"lustre-pantheon","status":"publish","type":"product","link":"https:\/\/loftsquare.tn\/index.php\/product\/lustre-pantheon\/","title":{"rendered":"LUSTRE PANTHEON"},"content":{"rendered":"<p>PANTHEON<\/p>\n<pre data-section-id=\"18c6vml\" data-start=\"130\" data-end=\"186\"><strong data-start=\"134\" data-end=\"186\">LUSTRE DESIGN \u00c0 PAMPILLES ARK \u2013 \u00c9L\u00c9GANCE MODERNE<\/strong><\/pre>\n<p data-start=\"188\" data-end=\"608\">Sublimez votre int\u00e9rieur avec le <strong data-start=\"221\" data-end=\"247\">lustre \u00e0 pampilles Ark<\/strong>, un luminaire design qui apporte une touche d\u2019\u00e9l\u00e9gance et de modernit\u00e9 \u00e0 votre d\u00e9coration. Ce <strong data-start=\"342\" data-end=\"378\">lustre rectangulaire postmoderne<\/strong>, id\u00e9al pour une <strong data-start=\"395\" data-end=\"443\">salle \u00e0 manger, un salon ou un espace lounge<\/strong>, se distingue par sa structure robuste en <strong data-start=\"486\" data-end=\"506\">fer et aluminium<\/strong> et par ses pampilles de haute qualit\u00e9 trait\u00e9es <strong data-start=\"554\" data-end=\"572\">anti-oxydation<\/strong> pour une durabilit\u00e9 exceptionnelle.<\/p>\n<p data-start=\"610\" data-end=\"839\">Son design raffin\u00e9 et cr\u00e9atif diffuse une lumi\u00e8re \u00e9l\u00e9gante qui transforme votre espace en un lieu chaleureux et sophistiqu\u00e9. Parfait pour les amateurs de <strong data-start=\"764\" data-end=\"838\">luminaires design et de d\u00e9coration int\u00e9rieure haut de gamme en Tunisie<\/strong>.<\/p>\n<p data-start=\"841\" data-end=\"1004\">Que ce soit pour votre <strong data-start=\"864\" data-end=\"904\">salon, salle \u00e0 manger ou m\u00eame un bar<\/strong>, ce lustre devient une v\u00e9ritable pi\u00e8ce d\u00e9corative qui attire le regard et valorise votre int\u00e9rieur.<\/p>\n<p data-start=\"1006\" data-end=\"1150\">Pour toute question concernant nos produits, <strong data-start=\"1051\" data-end=\"1083\">l\u2019\u00e9quipe Loft Square Tunisie<\/strong> reste \u00e0 votre disposition et vous r\u00e9pondra dans les <strong data-start=\"1136\" data-end=\"1149\">24 heures<\/strong>.<\/p>\n<p>MAT\u00c9RIAU : ALUMINIUM, FER<br \/>\nDIMENSIONS : 160 X 46 X 98 CM<br \/>\nLUMI\u00c8RE : LED<\/p>\n","protected":false},"excerpt":{"rendered":"<p>PANTHEON LUSTRE DESIGN \u00c0 PAMPILLES ARK \u2013 \u00c9L\u00c9GANCE MODERNE Sublimez votre int\u00e9rieur avec le lustre \u00e0 pampilles Ark, un luminaire design qui apporte une touche d\u2019\u00e9l\u00e9gance et de modernit\u00e9 \u00e0 votre d\u00e9coration. Ce lustre rectangulaire postmoderne, id\u00e9al pour une salle \u00e0 manger, un salon ou un espace lounge, se distingue par sa structure robuste en [&hellip;]<\/p>\n","protected":false},"featured_media":6649,"comment_status":"open","ping_status":"closed","template":"","meta":[],"product_brand":[],"product_cat":[78],"product_tag":[],"class_list":{"0":"post-6648","1":"product","2":"type-product","3":"status-publish","4":"has-post-thumbnail","6":"product_cat-lustres-design-tunisie","8":"first","9":"instock","10":"shipping-taxable","11":"product-type-simple"},"_links":{"self":[{"href":"https:\/\/loftsquare.tn\/index.php\/wp-json\/wp\/v2\/product\/6648","targetHints":{"allow":["GET"]}}],"collection":[{"href":"https:\/\/loftsquare.tn\/index.php\/wp-json\/wp\/v2\/product"}],"about":[{"href":"https:\/\/loftsquare.tn\/index.php\/wp-json\/wp\/v2\/types\/product"}],"replies":[{"embeddable":true,"href":"https:\/\/loftsquare.tn\/index.php\/wp-json\/wp\/v2\/comments?post=6648"}],"wp:featuredmedia":[{"embeddable":true,"href":"https:\/\/loftsquare.tn\/index.php\/wp-json\/wp\/v2\/media\/6649"}],"wp:attachment":[{"href":"https:\/\/loftsquare.tn\/index.php\/wp-json\/wp\/v2\/media?parent=6648"}],"wp:term":[{"taxonomy":"product_brand","embeddable":true,"href":"https:\/\/loftsquare.tn\/index.php\/wp-json\/wp\/v2\/product_brand?post=6648"},{"taxonomy":"product_cat","embeddable":true,"href":"https:\/\/loftsquare.tn\/index.php\/wp-json\/wp\/v2\/product_cat?post=6648"},{"taxonomy":"product_tag","embeddable":true,"href":"https:\/\/loftsquare.tn\/index.php\/wp-json\/wp\/v2\/product_tag?post=6648"}],"curies":[{"name":"wp","href":"https:\/\/api.w.org\/{rel}","templated":true}]}}