{"id":6705,"date":"2026-03-08T23:54:21","date_gmt":"2026-03-08T23:54:21","guid":{"rendered":"https:\/\/loftsquare.tn\/?post_type=product&#038;p=6705"},"modified":"2026-03-08T23:54:21","modified_gmt":"2026-03-08T23:54:21","slug":"lustre-mira","status":"publish","type":"product","link":"https:\/\/loftsquare.tn\/index.php\/product\/lustre-mira\/","title":{"rendered":"Lustre MIRA"},"content":{"rendered":"<p>Lustre MIRA \u2013 Lustre moderne en cristal pour salon, salle \u00e0 manger et chambre, suspension d\u00e9corative 204 pcs<\/p>\n<p data-start=\"268\" data-end=\"531\">Le <strong data-start=\"271\" data-end=\"286\">lustre MIRA<\/strong> est un luminaire moderne et \u00e9l\u00e9gant qui transformera votre int\u00e9rieur. Con\u00e7u avec <strong data-start=\"368\" data-end=\"399\">204 pi\u00e8ces de cristal clair<\/strong>, chaque pendentif est taill\u00e9 avec pr\u00e9cision, refl\u00e9tant la lumi\u00e8re pour cr\u00e9er un <strong data-start=\"480\" data-end=\"501\">effet scintillant<\/strong> et une <strong data-start=\"509\" data-end=\"528\">atmosph\u00e8re chic<\/strong>.<\/p>\n<p data-start=\"533\" data-end=\"884\">Le design unique et artistique de ce lustre apporte une <strong data-start=\"589\" data-end=\"624\">touche de romance et d\u2019\u00e9l\u00e9gance<\/strong>, parfait pour le <strong data-start=\"642\" data-end=\"651\">salon<\/strong>, la <strong data-start=\"656\" data-end=\"674\">salle \u00e0 manger<\/strong>, la <strong data-start=\"679\" data-end=\"690\">chambre<\/strong>, ou m\u00eame pour <strong data-start=\"705\" data-end=\"744\">restaurants, bars et halls d\u2019entr\u00e9e<\/strong>. Sa structure en mat\u00e9riaux de haute qualit\u00e9 garantit <strong data-start=\"798\" data-end=\"826\">durabilit\u00e9 et robustesse<\/strong>, tout en ajoutant une note luxueuse \u00e0 votre d\u00e9coration.<\/p>\n<p data-start=\"886\" data-end=\"1046\">Ce lustre moderne est id\u00e9al pour cr\u00e9er un <strong data-start=\"928\" data-end=\"963\">\u00e9clairage chaleureux et raffin\u00e9<\/strong>, et son esth\u00e9tique g\u00e9om\u00e9trique en cube ajoute un style contemporain \u00e0 tout espace.<\/p>\n<hr data-start=\"1048\" data-end=\"1051\" \/>\n<ul data-start=\"1095\" data-end=\"1463\">\n<li data-start=\"1095\" data-end=\"1119\">\n<p data-start=\"1097\" data-end=\"1119\"><strong data-start=\"1100\" data-end=\"1112\">Mod\u00e8le :<\/strong> MIRA<\/p>\n<\/li>\n<li data-start=\"1120\" data-end=\"1169\">\n<p data-start=\"1122\" data-end=\"1169\"><strong data-start=\"1125\" data-end=\"1147\">Source lumineuse :<\/strong> LED, lumi\u00e8re neutre<\/p>\n<\/li>\n<li data-start=\"1170\" data-end=\"1207\">\n<p data-start=\"1172\" data-end=\"1207\"><strong data-start=\"1175\" data-end=\"1190\">Mat\u00e9riaux :<\/strong> Cristal, m\u00e9tal<\/p>\n<\/li>\n<li data-start=\"1208\" data-end=\"1279\">\n<p data-start=\"1210\" data-end=\"1279\"><strong data-start=\"1213\" data-end=\"1229\">Dimensions :<\/strong> 110 cm (W), suspension compos\u00e9e de 204 cristaux<\/p>\n<\/li>\n<li data-start=\"1280\" data-end=\"1375\">\n<p data-start=\"1282\" data-end=\"1375\"><strong data-start=\"1285\" data-end=\"1303\">Applications :<\/strong> Salon, salle \u00e0 manger, chambre, couloir, bar, appartement, restaurant<\/p>\n<\/li>\n<li data-start=\"1376\" data-end=\"1425\">\n<p data-start=\"1378\" data-end=\"1425\"><strong data-start=\"1381\" data-end=\"1392\">Style :<\/strong> Moderne, Luxueux<\/p>\n<\/li>\n<\/ul>\n","protected":false},"excerpt":{"rendered":"<p>Lustre MIRA \u2013 Lustre moderne en cristal pour salon, salle \u00e0 manger et chambre, suspension d\u00e9corative 204 pcs Le lustre MIRA est un luminaire moderne et \u00e9l\u00e9gant qui transformera votre int\u00e9rieur. Con\u00e7u avec 204 pi\u00e8ces de cristal clair, chaque pendentif est taill\u00e9 avec pr\u00e9cision, refl\u00e9tant la lumi\u00e8re pour cr\u00e9er un effet scintillant et une atmosph\u00e8re [&hellip;]<\/p>\n","protected":false},"featured_media":6706,"comment_status":"open","ping_status":"closed","template":"","meta":[],"product_brand":[],"product_cat":[78],"product_tag":[],"class_list":{"0":"post-6705","1":"product","2":"type-product","3":"status-publish","4":"has-post-thumbnail","6":"product_cat-lustres-design-tunisie","8":"first","9":"instock","10":"shipping-taxable","11":"product-type-simple"},"_links":{"self":[{"href":"https:\/\/loftsquare.tn\/index.php\/wp-json\/wp\/v2\/product\/6705","targetHints":{"allow":["GET"]}}],"collection":[{"href":"https:\/\/loftsquare.tn\/index.php\/wp-json\/wp\/v2\/product"}],"about":[{"href":"https:\/\/loftsquare.tn\/index.php\/wp-json\/wp\/v2\/types\/product"}],"replies":[{"embeddable":true,"href":"https:\/\/loftsquare.tn\/index.php\/wp-json\/wp\/v2\/comments?post=6705"}],"wp:featuredmedia":[{"embeddable":true,"href":"https:\/\/loftsquare.tn\/index.php\/wp-json\/wp\/v2\/media\/6706"}],"wp:attachment":[{"href":"https:\/\/loftsquare.tn\/index.php\/wp-json\/wp\/v2\/media?parent=6705"}],"wp:term":[{"taxonomy":"product_brand","embeddable":true,"href":"https:\/\/loftsquare.tn\/index.php\/wp-json\/wp\/v2\/product_brand?post=6705"},{"taxonomy":"product_cat","embeddable":true,"href":"https:\/\/loftsquare.tn\/index.php\/wp-json\/wp\/v2\/product_cat?post=6705"},{"taxonomy":"product_tag","embeddable":true,"href":"https:\/\/loftsquare.tn\/index.php\/wp-json\/wp\/v2\/product_tag?post=6705"}],"curies":[{"name":"wp","href":"https:\/\/api.w.org\/{rel}","templated":true}]}}