{"id":6714,"date":"2026-03-09T00:27:12","date_gmt":"2026-03-09T00:27:12","guid":{"rendered":"https:\/\/loftsquare.tn\/?post_type=product&#038;p=6714"},"modified":"2026-03-09T00:27:12","modified_gmt":"2026-03-09T00:27:12","slug":"lustre-mercury-3-tailles","status":"publish","type":"product","link":"https:\/\/loftsquare.tn\/index.php\/product\/lustre-mercury-3-tailles\/","title":{"rendered":"Lustre MERCURY- 3 tailles"},"content":{"rendered":"<p>Lustre MERCURY- 3 tailles<\/p>\n<p data-start=\"395\" data-end=\"653\">Lustre MERCURY \u2013 Suspension design LED en acier inoxydable et verre (3 tailles disponibles)<\/p>\n<p data-start=\"395\" data-end=\"653\">Le <strong data-start=\"398\" data-end=\"416\">lustre MERCURY<\/strong> est une pi\u00e8ce d\u2019\u00e9clairage design \u00e0 l\u2019allure moderne et luxueuse. Compos\u00e9 de sph\u00e8res en <strong data-start=\"504\" data-end=\"527\">verre r\u00e9fl\u00e9chissant<\/strong> suspendues \u00e0 une structure en <strong data-start=\"558\" data-end=\"578\">acier inoxydable<\/strong>, il apporte une touche d\u2019\u00e9l\u00e9gance et de sophistication \u00e0 tout int\u00e9rieur.<\/p>\n<p data-start=\"655\" data-end=\"917\">Gr\u00e2ce \u00e0 son <strong data-start=\"667\" data-end=\"692\">\u00e9clairage LED int\u00e9gr\u00e9<\/strong>, MERCURY diffuse une <strong data-start=\"714\" data-end=\"748\">lumi\u00e8re douce et contemporaine<\/strong>, id\u00e9ale pour le <strong data-start=\"765\" data-end=\"813\">salon, la salle \u00e0 manger ou un hall d\u2019entr\u00e9e<\/strong>.<br data-start=\"814\" data-end=\"817\" \/>Disponible en <strong data-start=\"831\" data-end=\"848\">trois tailles<\/strong>, il s\u2019adapte \u00e0 tout type d\u2019espace \u2014 du plus intime au plus spacieux.<\/p>\n<h6 data-start=\"924\" data-end=\"963\"><strong data-start=\"930\" data-end=\"963\">Caract\u00e9ristiques techniques :<\/strong><\/h6>\n<ul data-start=\"964\" data-end=\"1282\">\n<li data-start=\"964\" data-end=\"988\">\n<p data-start=\"966\" data-end=\"988\"><strong data-start=\"966\" data-end=\"978\">Mod\u00e8le :<\/strong> MERCURY<\/p>\n<\/li>\n<li data-start=\"989\" data-end=\"1032\">\n<p data-start=\"991\" data-end=\"1032\"><strong data-start=\"991\" data-end=\"1006\">Mat\u00e9riaux :<\/strong> Acier inoxydable, verre<\/p>\n<\/li>\n<li data-start=\"1033\" data-end=\"1072\">\n<p data-start=\"1035\" data-end=\"1072\"><strong data-start=\"1035\" data-end=\"1057\">Source lumineuse :<\/strong> LED int\u00e9gr\u00e9e<\/p>\n<\/li>\n<li data-start=\"1073\" data-end=\"1118\">\n<p data-start=\"1075\" data-end=\"1118\"><strong data-start=\"1075\" data-end=\"1086\">Style :<\/strong> Moderne, Contemporain, Design<\/p>\n<\/li>\n<li data-start=\"1119\" data-end=\"1161\">\n<p data-start=\"1121\" data-end=\"1161\"><strong data-start=\"1121\" data-end=\"1139\">Installation :<\/strong> Plafonnier suspendu<\/p>\n<\/li>\n<li data-start=\"1162\" data-end=\"1227\">\n<p data-start=\"1164\" data-end=\"1227\"><strong data-start=\"1164\" data-end=\"1188\">Couleur de lumi\u00e8re :<\/strong> Blanc chaud \/ neutre (selon ampoule)<\/p>\n<\/li>\n<li data-start=\"1228\" data-end=\"1257\">\n<p data-start=\"1230\" data-end=\"1257\"><strong data-start=\"1230\" data-end=\"1243\">Tension :<\/strong> 220V \u2013 240V<\/p>\n<\/li>\n<li data-start=\"1258\" data-end=\"1282\">\n<p data-start=\"1260\" data-end=\"1282\"><strong data-start=\"1260\" data-end=\"1274\">Garantie :<\/strong> 2 ans<\/p>\n<\/li>\n<\/ul>\n<h6 data-start=\"1284\" data-end=\"1319\"><strong data-start=\"1292\" data-end=\"1317\">Tailles disponibles :<\/strong><\/h6>\n<ul data-start=\"1320\" data-end=\"1473\">\n<li data-start=\"1320\" data-end=\"1370\">\n<p data-start=\"1322\" data-end=\"1370\"><strong data-start=\"1322\" data-end=\"1339\">MERCURY &#8211; S :<\/strong> \u00d8 60 cm \u2013 5 t\u00eates lumineuses<\/p>\n<\/li>\n<li data-start=\"1371\" data-end=\"1421\">\n<p data-start=\"1373\" data-end=\"1421\"><strong data-start=\"1373\" data-end=\"1390\">MERCURY &#8211; M :<\/strong> \u00d8 80 cm \u2013 7 t\u00eates lumineuses<\/p>\n<\/li>\n<li data-start=\"1422\" data-end=\"1473\">\n<p data-start=\"1424\" data-end=\"1473\"><strong data-start=\"1424\" data-end=\"1441\">MERCURY &#8211; L :<\/strong> \u00d8 100 cm \u2013 9 t\u00eates lumineuses<\/p>\n<\/li>\n<\/ul>\n","protected":false},"excerpt":{"rendered":"<p>Lustre MERCURY- 3 tailles Lustre MERCURY \u2013 Suspension design LED en acier inoxydable et verre (3 tailles disponibles) Le lustre MERCURY est une pi\u00e8ce d\u2019\u00e9clairage design \u00e0 l\u2019allure moderne et luxueuse. Compos\u00e9 de sph\u00e8res en verre r\u00e9fl\u00e9chissant suspendues \u00e0 une structure en acier inoxydable, il apporte une touche d\u2019\u00e9l\u00e9gance et de sophistication \u00e0 tout int\u00e9rieur. [&hellip;]<\/p>\n","protected":false},"featured_media":6715,"comment_status":"open","ping_status":"closed","template":"","meta":[],"product_brand":[],"product_cat":[78],"product_tag":[],"class_list":{"0":"post-6714","1":"product","2":"type-product","3":"status-publish","4":"has-post-thumbnail","6":"product_cat-lustres-design-tunisie","8":"first","9":"instock","10":"shipping-taxable","11":"product-type-simple"},"_links":{"self":[{"href":"https:\/\/loftsquare.tn\/index.php\/wp-json\/wp\/v2\/product\/6714","targetHints":{"allow":["GET"]}}],"collection":[{"href":"https:\/\/loftsquare.tn\/index.php\/wp-json\/wp\/v2\/product"}],"about":[{"href":"https:\/\/loftsquare.tn\/index.php\/wp-json\/wp\/v2\/types\/product"}],"replies":[{"embeddable":true,"href":"https:\/\/loftsquare.tn\/index.php\/wp-json\/wp\/v2\/comments?post=6714"}],"wp:featuredmedia":[{"embeddable":true,"href":"https:\/\/loftsquare.tn\/index.php\/wp-json\/wp\/v2\/media\/6715"}],"wp:attachment":[{"href":"https:\/\/loftsquare.tn\/index.php\/wp-json\/wp\/v2\/media?parent=6714"}],"wp:term":[{"taxonomy":"product_brand","embeddable":true,"href":"https:\/\/loftsquare.tn\/index.php\/wp-json\/wp\/v2\/product_brand?post=6714"},{"taxonomy":"product_cat","embeddable":true,"href":"https:\/\/loftsquare.tn\/index.php\/wp-json\/wp\/v2\/product_cat?post=6714"},{"taxonomy":"product_tag","embeddable":true,"href":"https:\/\/loftsquare.tn\/index.php\/wp-json\/wp\/v2\/product_tag?post=6714"}],"curies":[{"name":"wp","href":"https:\/\/api.w.org\/{rel}","templated":true}]}}