{"id":6776,"date":"2026-03-09T06:49:31","date_gmt":"2026-03-09T06:49:31","guid":{"rendered":"https:\/\/loftsquare.tn\/?post_type=product&#038;p=6776"},"modified":"2026-03-09T06:49:31","modified_gmt":"2026-03-09T06:49:31","slug":"rabbit-and-bird","status":"publish","type":"product","link":"https:\/\/loftsquare.tn\/index.php\/product\/rabbit-and-bird\/","title":{"rendered":"RABBIT AND BIRD"},"content":{"rendered":"<p><strong>RABBIT AND BIRD<\/strong><\/p>\n<p>\u00c9l\u00e9gante et moderne, cette <strong data-start=\"57\" data-end=\"85\">sculpture de lapin noire<\/strong> est le compl\u00e9ment parfait pour tout espace. Avec son design minimaliste et sophistiqu\u00e9, elle apporte une touche de style et de personnalit\u00e9 \u00e0 votre maison ou \u00e0 votre bureau. Fabriqu\u00e9e avec des mat\u00e9riaux de haute qualit\u00e9, cette pi\u00e8ce se distingue par sa finition impeccable et sa capacit\u00e9 \u00e0 s\u2019adapter \u00e0 diff\u00e9rents styles de d\u00e9coration.<\/p>\n","protected":false},"excerpt":{"rendered":"<p>RABBIT AND BIRD \u00c9l\u00e9gante et moderne, cette sculpture de lapin noire est le compl\u00e9ment parfait pour tout espace. Avec son design minimaliste et sophistiqu\u00e9, elle apporte une touche de style et de personnalit\u00e9 \u00e0 votre maison ou \u00e0 votre bureau. Fabriqu\u00e9e avec des mat\u00e9riaux de haute qualit\u00e9, cette pi\u00e8ce se distingue par sa finition impeccable [&hellip;]<\/p>\n","protected":false},"featured_media":6778,"comment_status":"open","ping_status":"closed","template":"","meta":[],"product_brand":[],"product_cat":[79],"product_tag":[],"class_list":{"0":"post-6776","1":"product","2":"type-product","3":"status-publish","4":"has-post-thumbnail","6":"product_cat-decoration-interieure-tunisie","8":"first","9":"instock","10":"shipping-taxable","11":"product-type-simple"},"_links":{"self":[{"href":"https:\/\/loftsquare.tn\/index.php\/wp-json\/wp\/v2\/product\/6776","targetHints":{"allow":["GET"]}}],"collection":[{"href":"https:\/\/loftsquare.tn\/index.php\/wp-json\/wp\/v2\/product"}],"about":[{"href":"https:\/\/loftsquare.tn\/index.php\/wp-json\/wp\/v2\/types\/product"}],"replies":[{"embeddable":true,"href":"https:\/\/loftsquare.tn\/index.php\/wp-json\/wp\/v2\/comments?post=6776"}],"wp:featuredmedia":[{"embeddable":true,"href":"https:\/\/loftsquare.tn\/index.php\/wp-json\/wp\/v2\/media\/6778"}],"wp:attachment":[{"href":"https:\/\/loftsquare.tn\/index.php\/wp-json\/wp\/v2\/media?parent=6776"}],"wp:term":[{"taxonomy":"product_brand","embeddable":true,"href":"https:\/\/loftsquare.tn\/index.php\/wp-json\/wp\/v2\/product_brand?post=6776"},{"taxonomy":"product_cat","embeddable":true,"href":"https:\/\/loftsquare.tn\/index.php\/wp-json\/wp\/v2\/product_cat?post=6776"},{"taxonomy":"product_tag","embeddable":true,"href":"https:\/\/loftsquare.tn\/index.php\/wp-json\/wp\/v2\/product_tag?post=6776"}],"curies":[{"name":"wp","href":"https:\/\/api.w.org\/{rel}","templated":true}]}}