{"id":6782,"date":"2026-03-09T06:59:17","date_gmt":"2026-03-09T06:59:17","guid":{"rendered":"https:\/\/loftsquare.tn\/?post_type=product&#038;p=6782"},"modified":"2026-03-09T06:59:17","modified_gmt":"2026-03-09T06:59:17","slug":"ice-cream-kid-blue","status":"publish","type":"product","link":"https:\/\/loftsquare.tn\/index.php\/product\/ice-cream-kid-blue\/","title":{"rendered":"ICE CREAM KID BLUE"},"content":{"rendered":"<p data-start=\"0\" data-end=\"45\"><strong>ICE CREAM KID BLUE<\/strong><\/p>\n<p data-start=\"0\" data-end=\"45\">Un chef-d\u2019\u0153uvre au design moderne et \u00e9l\u00e9gant.<\/p>\n<p data-start=\"47\" data-end=\"305\">S\u2019int\u00e8gre parfaitement \u00e0 tous les styles de d\u00e9coration. Mat\u00e9riaux de haute qualit\u00e9, peints avec des couleurs durables. Laissez-vous s\u00e9duire par le Blue Ice Cream Kid, une pi\u00e8ce d\u00e9corative qui apporte une touche de nostalgie et de fantaisie \u00e0 votre int\u00e9rieur.<\/p>\n<p data-start=\"307\" data-end=\"358\" data-is-last-node=\"\" data-is-only-node=\"\">Dimensions : 13,5 \u00d7 11 \u00d7 21 cm<br data-start=\"337\" data-end=\"340\" \/>Mat\u00e9riau : R\u00e9sine.<\/p>\n<p>&nbsp;<\/p>\n","protected":false},"excerpt":{"rendered":"<p>ICE CREAM KID BLUE Un chef-d\u2019\u0153uvre au design moderne et \u00e9l\u00e9gant. S\u2019int\u00e8gre parfaitement \u00e0 tous les styles de d\u00e9coration. Mat\u00e9riaux de haute qualit\u00e9, peints avec des couleurs durables. Laissez-vous s\u00e9duire par le Blue Ice Cream Kid, une pi\u00e8ce d\u00e9corative qui apporte une touche de nostalgie et de fantaisie \u00e0 votre int\u00e9rieur. Dimensions : 13,5 \u00d7 [&hellip;]<\/p>\n","protected":false},"featured_media":6784,"comment_status":"open","ping_status":"closed","template":"","meta":[],"product_brand":[],"product_cat":[79],"product_tag":[],"class_list":{"0":"post-6782","1":"product","2":"type-product","3":"status-publish","4":"has-post-thumbnail","6":"product_cat-decoration-interieure-tunisie","8":"first","9":"instock","10":"shipping-taxable","11":"product-type-simple"},"_links":{"self":[{"href":"https:\/\/loftsquare.tn\/index.php\/wp-json\/wp\/v2\/product\/6782","targetHints":{"allow":["GET"]}}],"collection":[{"href":"https:\/\/loftsquare.tn\/index.php\/wp-json\/wp\/v2\/product"}],"about":[{"href":"https:\/\/loftsquare.tn\/index.php\/wp-json\/wp\/v2\/types\/product"}],"replies":[{"embeddable":true,"href":"https:\/\/loftsquare.tn\/index.php\/wp-json\/wp\/v2\/comments?post=6782"}],"wp:featuredmedia":[{"embeddable":true,"href":"https:\/\/loftsquare.tn\/index.php\/wp-json\/wp\/v2\/media\/6784"}],"wp:attachment":[{"href":"https:\/\/loftsquare.tn\/index.php\/wp-json\/wp\/v2\/media?parent=6782"}],"wp:term":[{"taxonomy":"product_brand","embeddable":true,"href":"https:\/\/loftsquare.tn\/index.php\/wp-json\/wp\/v2\/product_brand?post=6782"},{"taxonomy":"product_cat","embeddable":true,"href":"https:\/\/loftsquare.tn\/index.php\/wp-json\/wp\/v2\/product_cat?post=6782"},{"taxonomy":"product_tag","embeddable":true,"href":"https:\/\/loftsquare.tn\/index.php\/wp-json\/wp\/v2\/product_tag?post=6782"}],"curies":[{"name":"wp","href":"https:\/\/api.w.org\/{rel}","templated":true}]}}